4)/(-4))/(12/g)*6?
2, 97
Let h be (-1)/(69/(-46) + (-1066)/(-708)). Let r be (-3 - 116/(-36)) + (-1408)/18. Let u = r - h. What are the prime factors of u?
3, 11
Let j = -126 + 126. Suppose 2*r = 3*h + 1779, -2*h + j*h = -2. What are the prime factors of r?
3, 11
Let z be 291 + ((-27)/(-6) + -5)*2. Let r = z + -251. List the prime factors of r.
3, 13
Let t be 1 + -2 - (-4 + 1) - 0. Suppose 9*p + 2*p = 2*p. Suppose p = -t*z + 48 + 44. What are the prime factors of z?
2, 23
Let b = 47 + -38. Suppose -5*d - 2*u - b = u, -4*d + 15 = -5*u. List the prime factors of (d + -2)/(14/(-889)).
127
What are the prime factors of ((-152)/(-2204) - 124/116)/(2/(-75826))?
31, 1223
Suppose -15*a - 150692 = -81*a + 528250. What are the prime factors of a?
3, 127
Suppose 105483 = 14*i + 7100 - 68399. What are the prime factors of i?
3, 11, 19
Let g(v) = -20*v + 6. Let l(k) = 61*k - 18. Let a(f) = 11*g(f) + 4*l(f). Let n be a(4). Suppose -4*h = h - n. List the prime factors of h.
2, 3
Let f(m) = -19*m - 14. Let b be f(-1). Let x(n) = 269*n + 94. List the prime factors of x(b).
1439
Let a(b) = b**3 - 31*b**2 + 59*b - 2. Let q be a(29). What are the prime factors of (-4)/18 - (-11724)/q?
2, 7, 31
What are the prime factors of (2 + 0/2)/(622/17273251)?
55541
Suppose 55*y - 31*y + 69102 = 30*y. List the prime factors of y.
3, 11, 349
Suppose -10 = 5*l, -3*t + 8970 + 118 = -2*l. What are the prime factors of t?
2, 757
Let r(u) be the first derivative of -u**2/2 + 12*u + 15. Let b be r(10). What are the prime factors of -74*((1 - b) + 0)*1?
2, 37
List the prime factors of (-45)/(-120) + (-11406)/(-48).
2, 7, 17
Let t(l) = -2*l**2 + 8*l + 13. Let v(b) = -b - 24. Let n be v(-29). Let w be t(n). Suppose 0 = -5*f - h + 829, f - w*h - 149 = h. List the prime factors of f.
3, 5, 11
Let z = 15816 - 3411. What are the prime factors of z?
3, 5, 827
Let t(d) = -d**3 + 2*d**2 - 1. Let b be t(1). Suppose 5*w - 38 - 777 = b. What are the prime factors of w?
163
Let n(j) = 3*j**3 + j**2 - 2*j. Let o be n(1). Let a be (-3 + (-52)/(-6))/(o/6). Let b = 142 + a. What are the prime factors of b?
3, 53
Suppose 19*d + 149204 = 735943. What are the prime factors of d?
30881
Suppose 93*g - 52733 = 26782. What are the prime factors of g?
3, 5, 19
Let f(w) = -108*w + 74. What are the prime factors of f(-9)?
2, 523
Let d(a) = -739*a - 19. Let r be d(-1). Suppose 0 = p - 5*t + 6*t - r, 2*p = -3*t + 1437. What are the prime factors of p?
3, 241
Let c = 4384 + -2087. Let r = c - 1376. List the prime factors of r.
3, 307
Let a be ((-702)/(-12))/9 - 2/4. Let u(s) = s + 2*s**2 + 7 + a*s**2 + 4*s**2 - 6*s**2. What are the prime factors of u(6)?
229
Let b(k) be the first derivative of -17/2*k**2 - 79*k + 21. List the prime factors of b(-16).
193
Suppose -4*n + 5*y = -173 - 151, -3*n + 243 = 4*y. Suppose 0 = -n*u + 78*u + 285. Let x = u - 86. List the prime factors of x.
3
Let y(k) = -42*k - 2. Let f be y(5). Let n(u) = u**2 - 267*u - 3520. Let b be n(-14). Let h = b + f. What are the prime factors of h?
2, 101
Let f be (2160/(3 + 1) - 1) + 1. Let y = f - 467. What are the prime factors of y?
73
Suppose 2163 = 5*b - 634 + 472. What are the prime factors of b?
3, 5, 31
Let n = 678 - 169. Let w = 684 - n. List the prime factors of w.
5, 7
Suppose 0 = -5*c - 5*c + 20. List the prime factors of 965 + (c/(-3) - 65/(-39)).
2, 3, 7, 23
Let f(p) = p**3 - p + 78. Let d be f(0). Let v = -118 + d. What are the prime factors of (2/3)/(v/(-12300))?
5, 41
Suppose -3*s = -5*w - 8*s + 10, 6 = 3*w + 5*s. Suppose -5*q + 2*q = -k + 239, 0 = -k + w*q + 242. List the prime factors of k.
2, 31
Let d be -3 - -4 - 2 - -7. Let o = d + 4. Suppose -342 = -o*v + 608. What are the prime factors of v?
5, 19
Let w(y) = 9*y**2 + 5*y + 20. Let p = 20 - 14. Let s be w(p). Suppose -5*k + 395 = -3*k + 5*o, 2*o + s = 2*k. What are the prime factors of k?
2, 5, 19
Suppose 68*z - 2*y = 64*z + 123790, 3*z - 4*y = 92855. List the prime factors of z.
3, 5, 2063
Suppose 36*y - 226861 = -256786 + 860841. List the prime factors of y.
23081
Let j be 1/(1 - (-2 + (-40)/(-12))). Let c be ((-13)/5 - j)*(-30)/3. Let a(m) = 7*m**2 + 4*m + 3. What are the prime factors of a(c)?
3, 11
Suppose 8*r - 207 = 7*r. Let o = r - 116. What are the prime factors of o?
7, 13
Suppose 2*o + 150972 = 2*f + 3*f, -o = -3*f + 90582. List the prime factors of f.
2, 3, 17, 37
Let k(q) be the first derivative of q**4 - 11*q**2/2 + 16*q + 208. What are the prime factors of k(2)?
2, 13
Let v = 54 + -46. Suppose 4*s + 1340 = v*s. List the prime factors of s.
5, 67
Let x be (-4)/(-10) + 313/5. Let h = x - 59. Suppose h*i = i + 135. What are the prime factors of i?
3, 5
Suppose -3283609 = -459*s - 534370 + 6572592. List the prime factors of s.
23, 883
Suppose -608 + 85 = 3*t + 4*h, -3*h + 862 = -5*t. Let v = -42 - t. List the prime factors of v.
131
Let j = -3780 + 15070. What are the prime factors of j?
2, 5, 1129
Let g(v) = 131*v + 21. Let b be g(6). Suppose 4*l = 2*z + 1273 - 183, 5*z = 3*l - b. List the prime factors of l.
2, 137
Let g(a) = a**3 - a**2 - a - 3. Suppose 0 = -7*v + 12 - 12. Let l be g(v). List the prime factors of (-71)/l - 14/21.
23
Let b be (-8 - -8) + 5*1/1. Let p(t) = 14*t + 23. Let n(z) = 28*z + 45. Let y(j) = -2*n(j) + 5*p(j). List the prime factors of y(b).
5, 19
Let k(h) = 1294*h**2 - 109*h - 423. List the prime factors of k(-4).
20717
Suppose -2*n = -4*h + 28, 0 = -n + 4*h - 15 + 5. List the prime factors of (n/10 + 3)/(3/2060).
2, 103
Let o(a) = 3*a**2 + 6*a - 2. Let s(l) = -7*l + 2. Let u(r) = r. Let g(y) = -s(y) - 6*u(y). Let d be g(-3). What are the prime factors of o(d)?
43
Let s(b) = -197*b + 66. Let x be s(2). Let r = 880 + x. What are the prime factors of r?
2, 3, 23
Let w(u) be the second derivative of -u**4/12 + 3*u**3/2 - 11*u**2/2 + 5*u. Let a be w(6). Suppose -a*p + 105 = -2*p. List the prime factors of p.
3, 7
Let p be ((-250)/(-70) - 3) + (-6289)/(-7). Suppose 3*k - 616 = k + 4*u, 3*k = u + p. What are the prime factors of k?
2, 149
Suppose -687 = -4*w + 3*n, -5*w + 3*n + 856 = 2*n. Let q(g) = -72*g**2 + 2*g - 2. Let f be q(1). Let u = f + w. What are the prime factors of u?
3, 11
Suppose 4*d + 2*g - 6 = 0, g + 0*g = 4*d - 9. Suppose 3*a + c - 9 = 0, d*a - a - 4*c + 10 = 0. Suppose -m + 732 = a*m. List the prime factors of m.
2, 61
Suppose -s + 232 = 2*l, 254 = 3*l - 4*s - 105. Let x = l - 141. List the prime factors of x/16 + (-2 - (-419)/2).
2, 103
Let x(w) = -2910*w + 5. Let g be x(-1). Suppose -q = -4*i - 1953, -2*q + 1003 = -5*i - g. Suppose -q = -4*n - 7*n. What are the prime factors of n?
179
Let c be (-30)/(-4)*-3*8/36. Let h(o) = 14*o**2 - 11*o - 77. What are the prime factors of h(c)?
2, 41
List the prime factors of 3 - (1 - (-2 + -502))*735/(-147).
2, 79
Suppose 76873 = 4*z + 3*m, 1240*m - 1235*m = 3*z - 57604. List the prime factors of z.
19213
Suppose g - 1 = -t, -5*g + 6*t - 2 = 4*t. Let k be -30*((-20)/12 - g). Let p = k - -2. What are the prime factors of p?
2, 13
Suppose -3*k - 10 = -2*t - 5, 4*k - 2*t + 4 = 0. Suppose -2*u + 2*w - 489 + 13 = 0, 0 = -w + 3. List the prime factors of (k - u) + -4 - (5 + -3).
2, 5, 23
Suppose -144*g = -158*g + 350. Let f(b) = -3*b**3 + 5*b**2 - 6*b - 5. Let n be f(-5). Suppose -g*u = -30*u + n. List the prime factors of u.
3, 5, 7
Let u(r) = 532*r + 517*r + r**2 - 1039*r + 8. Let b(h) = 3*h + 6. Let y be b(-6). List the prime factors of u(y).
2
Suppose -15147*o + 15089*o = -999688. List the prime factors of o.
2, 31, 139
Let m(t) = 16*t - 49. Let w be m(10). Let o = w + -12. List the prime factors of o.
3, 11
Let s(u) = 47*u**2 + 219*u - 33. List the prime factors of s(-22).
11, 1627
Suppose z = 6*z - 15. Let d(u) = -6*u - 3 - z - 2 - 1. What are the prime factors of d(-3)?
3
Suppose 0*a - 6 = -3*c + 2*a, 0 = 2*c + 3*a - 17. Suppose t - 4*x = 5*t - c, -4*t + 1 = 3*x. List the prime factors of (t/(-5))/(117/(-60) - -2).
2
Let m = 292 - 298. Let a(g) = -15*g - 25. Let f(w) = 29*w + 49. Let o(k) = -11*a(k) - 6*f(k). What are the prime factors of o(m)?
5, 7
What are the prime factors of 8368 - (11 - -6) - (2 + -2)?
7, 1193
Suppose -58*m + 62*m = 3*t - 29243, -15 = 3*m. List the prime factors of t.
3, 17, 191
Let b(s) = -524*s + 1146. What are the prime factors of b(-30)?
2, 3, 937
Suppose 